ple of 21?
True
Is 851309688 a multiple of 125?
False
Does 15 divide 87534930?
True
Is 47 a factor of 47432494?
True
Is 107780003 a multiple of 15?
False
Is 66 a factor of 66429858?
True
Is 1369562 a multiple of 1982?
True
Is 4516 a factor of 6357098565?
False
Does 98 divide 193111879?
False
Is 41 a factor of 269034415?
True
Does 138 divide 2826434718?
True
Is 126201514 a multiple of 1787?
True
Does 8 divide 1957249661?
False
Is 830905056 a multiple of 2144?
True
Is 5 a factor of 737940827?
False
Does 2469 divide 19292766?
True
Is 381 a factor of 3014472?
True
Does 37 divide 66834358?
True
Does 913 divide 32800438?
True
Does 165 divide 35161233?
False
Is 17286480 a multiple of 755?
True
Does 32 divide 8782453?
False
Does 29 divide 1068685?
False
Is 702090 a multiple of 18?
True
Is 7099507 a multiple of 4?
False
Does 95 divide 674927500?
True
Is 16955028 a multiple of 501?
False
Does 117 divide 425406150?
True
Is 46 a factor of 85599134?
False
Does 15 divide 224716801?
False
Is 1556 a factor of 192055524?
True
Is 60 a factor of 48896580?
True
Is 18786408 a multiple of 1074?
True
Is 98378748 a multiple of 517?
False
Is 715 a factor of 72956455?
True
Does 8 divide 31102664?
True
Is 1655931983 a multiple of 8?
False
Does 70 divide 21974750?
True
Is 178 a factor of 60121266?
False
Is 435139426 a multiple of 11?
False
Is 108333411 a multiple of 237?
True
Is 816827 a multiple of 309?
False
Is 1169 a factor of 89451880?
True
Is 1285360081 a multiple of 71?
False
Is 395380705 a multiple of 109?
False
Is 140505216 a multiple of 4?
True
Does 11 divide 48282663?
True
Does 27 divide 6105932473?
False
Is 498 a factor of 4425641838?
True
Is 56 a factor of 95953520?
False
Is 4 a factor of 251795812?
True
Is 202 a factor of 679265804?
True
Is 6 a factor of 1434207558?
True
Is 67 a factor of 39740849?
True
Is 381461302 a multiple of 495?
False
Is 3647 a factor of 26032159?
False
Does 418 divide 8352058?
True
Does 1673 divide 60050662?
True
Is 47 a factor of 1256258018?
True
Is 120895062 a multiple of 1766?
True
Does 34 divide 680987731?
False
Does 8 divide 20736728?
True
Does 210 divide 675545850?
True
Is 872 a factor of 4701424?
False
Does 104 divide 11298144?
True
Does 6 divide 24523821?
False
Does 2265 divide 321926715?
True
Is 18 a factor of 52989838?
False
Does 26 divide 177016654?
False
Is 1260 a factor of 119663708?
False
Is 13988382 a multiple of 34?
True
Is 126588978 a multiple of 6?
True
Is 100 a factor of 439083200?
True
Is 22 a factor of 515411138?
True
Is 24458096 a multiple of 16?
True
Is 540 a factor of 95179228?
False
Does 2521 divide 330856040?
True
Is 4342400 a multiple of 2?
True
Is 265 a factor of 2251705?
True
Does 16 divide 20403824?
True
Does 414 divide 1171681375?
False
Is 1817 a factor of 739769746?
True
Is 2370781213 a multiple of 599?
False
Is 46 a factor of 355129274?
False
Is 7109963820 a multiple of 1187?
True
Does 13 divide 17044170?
True
Is 26 a factor of 8009742?
True
Does 7 divide 28802137?
True
Is 321835737 a multiple of 1121?
True
Is 7474427 a multiple of 615?
False
Is 11 a factor of 18398160?
True
Is 22 a factor of 305371044?
True
Is 288 a factor of 548585955?
False
Is 11660734 a multiple of 260?
False
Is 17354401 a multiple of 108?
False
Is 138501063 a multiple of 77?
False
Does 529 divide 670421273?
True
Is 59 a factor of 1552083500?
True
Is 118113891 a multiple of 187?
False
Does 308 divide 117410014?
False
Does 19 divide 1588095534?
False
Is 793 a factor of 5089474?
True
Does 295 divide 1542883925?
True
Does 433 divide 3620327?
False
Does 2173 divide 105290542?
True
Does 3 divide 1549668?
True
Is 2772071 a multiple of 11?
False
Does 2803 divide 153455841?
True
Does 8 divide 664438336?
True
Is 226 a factor of 3244086038?
True
Is 141 a factor of 316089993?
True
Is 1712210886 a multiple of 2841?
False
Is 87475614 a multiple of 6?
True
Does 13 divide 10685911?
False
Does 3 divide 19364158?
False
Is 149814 a multiple of 82?
True
Is 1410 a factor of 130185015?
False
Is 1892 a factor of 277307589?
False
Does 132 divide 406994544?
True
Is 19578277 a multiple of 297?
False
Is 975 a factor of 265190671?
False
Is 55183751 a multiple of 2137?
True
Does 887 divide 314175354?
False
Does 61 divide 31992425?
False
Is 7314350 a multiple of 53?
False
Does 4 divide 48070032?
True
Is 51 a factor of 54206672?
False
Is 227 a factor of 242880466?
True
Is 35 a factor of 180748400?
True
Is 42068395 a multiple of 89?
False
Is 218382690 a multiple of 6?
True
Is 46214490 a multiple of 310?
True
Is 29 a factor of 1160879077?
True
Does 30 divide 30600?
True
Is 657652416 a multiple of 776?
False
Does 8 divide 575646976?
True
Is 4105 a factor of 105067475?
True
Does 4027 divide 151055638?
False
Is 52 a factor of 1143829?
False
Is 679 a factor of 162424399?
False
Is 629478080 a multiple of 560?
True
Is 3730441 a multiple of 288?
False
Does 59 divide 165353620?
False
Does 1998 divide 5920957116?
True
Is 2122 a factor of 4572553485?
False
Is 147117474 a multiple of 7?
True
Does 418 divide 59829772?
False
Is 2181 a factor of 12809013?
True
Does 19 divide 2639723295?
True
Does 34 divide 92577580?
True
Does 70 divide 4508973?
False
Is 5 a factor of 917937896?
False
Is 130691277 a multiple of 94?
False
Is 577951560 a multiple of 180?
True
Is 42520179 a multiple of 1003?
True
Is 530610318 a multiple of 6036?
False
Is 51003764 a multiple of 4?
True
Is 239 a factor of 23792744?
False
Is 321546 a multiple of 6?
True
Does 909 divide 1191095424?
True
Does 60 divide 938709900?
True
Is 1284776628 a multiple of 3607?
False
Is 388499371 a multiple of 33?
False
Does 28 divide 461786496?
False
Is 3237 a factor of 56403890?
False
Is 1734457719 a multiple of 31?
True
Does 75 divide 496816275?
True
Does 3 divide 533668?
False
Does 49 divide 34672509?
False
Is 185282370 a multiple of 13?
True
Is 57708378 a multiple of 6?
True
Is 482025964 a multiple of 1038?
False
Is 2639608248 a multiple of 762?
False
Is 170370195 a multiple of 15?
True
Is 1386 a factor of 27799149?
False
Does 127 divide 173883574?
True
Does 887 divide 192957980?
True
Is 16245262 a multiple of 9?
False
Does 1456 divide 2633967815?
False
Is 2057109252 a multiple of 3014?
True
Does 6 divide 7569678?
True
Is 69212558 a multiple of 8?
False
Does 1460 divide 20150742?
False
Does 30 divide 3590252?
False
Is 29193450 a multiple of 1430?
True
Is 51 a factor of 238895271?
True
Does 182 divide 39588683?
False
Is 36793426 a multiple of 738?
False
Is 16333311 a multiple of 31?
True
Is 34191107 a multiple of 142?
False
Does 6226 divide 2905898336?
True
Is 1729 a factor of 620588241?
True
Does 4397 divide 589454454?
False
Is 332 a factor of 126105552?
True
Is 11 a factor of 87725923?
False
Does 161 divide 23214590?
True
Does 164 divide 114083776?
False
Is 9 a factor of 15086943?
True
Is 18 a factor of 203160780?
True
Does 294 divide 27816810?
True
Is 793 a factor of 578625811?
False
Is 1291028 a multiple of 2?
True
Does 46 divide 2463311701?
False
Is 57794475 a multiple of 15?
True
Is 12 a factor of 37889040?
True
Is 61 a factor of 11261943?
False
Is 24 a factor of 278264685?
False
Does 16 divide 197730144?
True
Is 12 a factor of 432149996?
False
Does 15 divide 223985953?
False
Is 9174059 a multiple of 20?
False
Is 2 a factor of 27033711?
False
Does 1254 divide 92569026?
True
Is 3 a factor of 85768184?
False
Is 29094895 even?
False
Is 526 a factor of 182879717?
False
Does 289 divide 235286767?
False
Does 3614 divide 2599293007?
False
Does 41 divide 5914174?
False
Does 323 divide 765397919?
True
Is 101444395 a multiple of 65?
True
Is 188 a factor of 1774372200?
True
Does 4 divide 26888835?
False
Does 135 divide 6672510?
True
Is 71160499 a multiple of 3?
False
Is 772 a factor of 1238302714?
False
Is 2474720 a multiple of 20?
True
Is 320 a factor of 139968000?
True
Is 401436494 a multiple of 94?
True
Is 17 a factor of 13967462?
False
Is 7 a factor of 1465754?
False
Does 1049 divide 27655836?
True
Is 413 a factor of 276376983?
False
Does 110 divide 1498357630?
True
Is 44002168 a multiple of 14?
True
Is 1832540 a multiple of 3106?
True
Is 27 a factor of 1159963605?
True
Is 838 a factor of 128552025?
False
Is 142089552 a multiple of 108?
True
Is 61 a factor of 63237419?
True
Is 418 a factor of 237768432?
True
Is 60 a fact